16
Let t(x) = -x**2 + 11120*x - 155381. Give t(14).
103
Let i(r) = -r**2 - 488*r + 535. Determine i(0).
535
Let q(b) = 6*b**2 - 38*b - 412. Determine q(-13).
1096
Let k(h) = -74*h**2 - 528*h - 544. What is k(-6)?
-40
Let h(s) = 2*s**2 - 550*s - 18876. Determine h(-31).
96
Let q(u) = -u**3 + 365*u**2 - 1011*u - 27149. Determine q(362).
1
Let z(v) = 7*v**2 + 243*v - 2099. Calculate z(8).
293
Let g(r) = -30*r**2 + 410*r - 830. Give g(16).
-1950
Let s(p) = 5*p**2 + 1907*p + 57483. Determine s(-33).
-3
Let v(a) = -4*a**2 - 1442*a - 20936. Calculate v(-346).
-868
Let h(o) = 55*o**2 - 180*o - 46. Calculate h(5).
429
Let t(n) = -4*n**2 - 499*n - 14067. Determine t(-43).
-6
Let l(a) = -259*a - 68416. Determine l(-264).
-40
Let y(m) = -m**3 + 592*m**2 + 3639*m + 4. Give y(-6).
-302
Let v(x) = 5*x**3 + 62*x**2 + 290*x - 820. What is v(2)?
48
Let s(f) = 3330*f + 24011. Give s(-7).
701
Let q(f) = -234021*f + 1404138. Calculate q(6).
12
Let q(r) = -23836*r + 429066. Calculate q(18).
18
Let p(k) = -353*k - 340. Determine p(1).
-693
Let i(w) = 819*w - 918. Give i(1).
-99
Let b(l) = 5964*l - 3953959. Determine b(663).
173
Let r(t) = 140*t - 35779. Calculate r(262).
901
Let d(x) = 2*x**3 - 79*x**2 + 4*x - 13019. Calculate d(43).
96
Let y(m) = 65*m**2 - 2285*m - 2291. Determine y(-1).
59
Let l(i) = 167*i - 40936. Give l(244).
-188
Let t(i) = -i**3 - 67*i**2 + 21832*i + 432. Determine t(-185).
62
Let p(r) = 15*r**3 - 211*r**2 - 448*r - 28. What is p(-2)?
-96
Let n(d) = -83*d + 1269. Give n(17).
-142
Let s(i) = -349*i**2 - 11435*i - 83. Give s(-33).
-2789
Let y(n) = -n**2 + 2237*n - 79627. What is y(36)?
-391
Let y(k) = -k**2 + 1429*k - 16655. Calculate y(12).
349
Let q(i) = -2*i**3 + 25*i**2 + 599*i - 5938. What is q(9)?
20
Let u(q) = 8*q - 1210. Give u(152).
6
Let o(s) = s**3 + 2354*s**2 - 9434*s - 17. Determine o(4).
-25
Let a(m) = 662*m - 3655. Determine a(6).
317
Let g(c) = -c**2 - 4868*c - 490691. Give g(-103).
104
Let h(v) = 2*v**3 - 396*v**2 - 3734*v + 1652. Calculate h(207).
-4
Let i(d) = 520*d + 34309. What is i(-66)?
-11
Let a(v) = 30*v**2 + 4680*v + 4648. Determine a(-155).
-2
Let d(y) = -25*y**2 - 39*y + 28. Calculate d(2).
-150
Let o(n) = n**3 + 9*n**2 - 94*n + 268. Determine o(-16).
-20
Let q(a) = 1224*a + 6132. Determine q(-5).
12
Let i(k) = -7214715*k - 7214712. Calculate i(-1).
3
Let a(r) = -54864*r + 11192254. Give a(204).
-2
Let r(t) = 26108*t - 18849971. Calculate r(722).
5
Let a(k) = k**2 - 4473*k - 599. Determine a(0).
-599
Let v(x) = -23*x**2 + 262*x - 143. Determine v(11).
-44
Let s(k) = -13833*k - 193694. What is s(-14)?
-32
Let j(z) = -5809*z**2 + 151029*z + 130. Give j(26).
0
Let v(n) = -4*n**3 - 897*n**2 + 2702*n + 7. Give v(3).
-68
Let h(u) = 2*u**3 + 473*u**2 - 9186*u + 432. What is h(18)?
0
Let p(b) = 785*b + 12319. Give p(-18).
-1811
Let r(u) = u**3 + 50*u**2 + 168*u - 2198. Calculate r(-46).
-1462
Let n(q) = -q**3 - 74*q**2 + 1176*q + 95042. Give n(-72).
2
Let w(j) = -702864*j - 702861. Calculate w(-1).
3
Let a(s) = -2*s**3 - 19*s**2 + 52*s - 124. What is a(3)?
-193
Let a(j) = -50*j**3 + 3*j**2 + 131*j - 135. Calculate a(1).
-51
Let p(j) = -95*j**2 - 607*j - 1784. Give p(-3).
-818
Let m(i) = -315*i**2 - 94136*i + 14654. What is m(-299)?
3
Let s(u) = 3222*u - 6992. What is s(0)?
-6992
Let s(r) = -r**2 + 143*r + 1969. Calculate s(156).
-59
Let p(f) = 3324*f + 49901. Give p(-15).
41
Let z(u) = -790*u**3 + 6320*u**2 - 6*u - 7. Give z(8).
-55
Let m(y) = -2*y**3 - 225*y**2 + 137*y + 2306. Give m(-113).
-406
Let y(v) = v**3 - 6*v**2 - 286*v - 533. Give y(-2).
7
Let c(x) = -2*x**2 + 9977*x - 5296471. Give c(604).
5
Let t(p) = p**2 - 707*p + 117230. Calculate t(265).
100
Let f(p) = -2*p**3 + 103*p**2 - 24861*p + 1206177. Determine f(49).
-7
Let l(k) = -6*k**3 + 73*k**2 + 4198*k + 397. Determine l(-21).
-2
Let g(y) = 7*y**3 + 70*y**2 + 121*y + 16. Determine g(-2).
-2
Let a(h) = -10*h**2 + 827*h - 1608. Give a(2).
6
Let v(l) = -l**3 - 290*l**2 + 2095*l + 14. Give v(7).
126
Let s(z) = 2*z**2 + 426*z + 7087. Give s(-18).
67
Let w(q) = -2*q**3 - 285*q**2 - 103*q + 5986. Give w(-142).
448
Let h(n) = 10*n**3 - 139*n**2 - 126*n + 1585. Determine h(14).
17
Let u(c) = 33*c**3 - c**2 - 5*c + 24. What is u(3)?
891
Let y(b) = -91*b**2 - 288*b + 388. Calculate y(1).
9
Let n(w) = -5499*w - 175966. Calculate n(-32).
2
Let g(a) = -439651*a - 5715449. Calculate g(-13).
14
Let j(h) = -106*h - 1111. What is j(-10)?
-51
Let a(m) = 5*m**2 - 1629*m + 2897. Give a(324).
-19
Let a(r) = 33952*r - 169692. Give a(5).
68
Let d(z) = -181*z**2 - 515*z - 521. Give d(-1).
-187
Let h(v) = 350*v + 5002. What is h(-16)?
-598
Let c(o) = -2*o**3 + 22*o**2 + 22*o - 45. Give c(-2).
15
Let x(q) = -2766*q + 11254. Calculate x(4).
190
Let n(x) = 6807*x - 605821. Determine n(89).
2
Let p(c) = c**3 - 40*c**2 + 50*c + 622. Calculate p(5).
-3
Let h(z) = -9*z**2 + 33*z + 451. What is h(-7)?
-221
Let r(m) = 396*m**2 + 12682*m + 327. Determine r(-32).
7
Let d(t) = -t**2 + 267*t - 8708. Determine d(229).
-6
Let z(j) = 6530*j - 84894. Determine z(13).
-4
Let z(k) = k**3 - 4*k**2 + 683*k + 3645. Calculate z(-5).
5
Let p(n) = -554*n + 5605. Calculate p(10).
65
Let w(u) = 15346*u + 691039. Calculate w(-45).
469
Let m(x) = -183*x + 2734. Give m(-2).
3100
Let i(w) = -w**2 - 83*w - 342. Determine i(-73).
388
Let k(m) = 2*m**2 - 17852*m - 5003708. Determine k(-272).
4
Let g(b) = b**2 + 263*b + 15248. Calculate g(-86).
26
Let z(m) = -2578*m - 5231. Give z(-2).
-75
Let v(g) = g**2 + 24971*g - 249809. Determine v(10).
1
Let b(x) = 3*x**3 - 43*x**2 + 3*x - 507. Calculate b(15).
-12
Let t(n) = -n**3 + 7*n**2 + 25848*n - 206811. Give t(8).
-91
Let t(w) = -w**3 + 645*w**2 - 24144*w - 33902. Determine t(605).
-22
Let o(n) = 2*n**3 - 67*n**2 + 306*n + 1560. What is o(10)?
-80
Let m(n) = 72*n**2 + 18213*n - 561. What is m(-253)?
198
Let m(c) = 6501*c - 12758. Determine m(2).
244
Let v(c) = 1275*c + 164476. What is v(-129)?
1
Let k(p) = -943*p**2 + 80156*p - 93. Give k(85).
-8
Let c(t) = -49*t**3 + 39*t**2 - 95*t + 8. What is c(4)?
-2884
Let u(g) = g**3 - 6*g**2 - 361*g - 2490. What is u(-7)?
-600
Let a(t) = -673*t - 53172. Give a(-79).
-5
Let b(w) = 21407*w + 63690. Calculate b(-3).
-531
Let a(q) = -166*q**2 - 471*q + 77. Give a(-3).
-4
Let s(h) = 4*h**2 - 165*h - 18314. Calculate s(-54).
2260
Let u(r) = -4389*r + 34952. Give u(8).
-160
Let q(x) = -303525*x + 910570. What is q(3)?
-5
Let n(v) = 106*v - 5910. Calculate n(39).
-1776
Let a(d) = -49*d**2 + 399*d - 357. Determine a(6).
273
Let g(i) = i**3 + 17*i**2 + 3*i + 508. What is g(-17)?
457
Let v(q) = -3800*q + 26687. What is v(7)?
87
Let d(h) = -h**3 - 42*h**2 + 607*h + 456. Calculate d(12).
-36
Let g(m) = 2*m**3 - 77*m**2 + 137*m + 655. What is g(36)?
-893
Let k(r) = -26577*r + 372075. Give k(14).
-3
Let s(y) = 2120*y + 142264. Calculate s(-67).
224
Let h(l) = -l**2 + 77*l + 77032. Give h(-242).
-166
Let y(m) = m**2 + 33*m - 2238. Determine y(38).
460
Let v(f) = 110*f**3 - 1304*f**2 - 219*f + 332. What is v(12)?
8
Let s(d) = -210*d**2 + 6309*d - 204. Give s(30).
66
Let a(h) = -7*h**2 + 299*h - 432. Determine a(41).
60
Let n(u) = u**3 - 84*u**2 + 241*u - 328. Determine n(81).
-490
Let b(p) = -p**3 - 101*p**2 - 822*p + 951. What is b(-92)?
399
Let v(s) = 2*s**3 - 47*s**2 - 14*s - 1035. Determine v(25).
490
Let r(i) = 9*i**2 + 3370*i - 38212. What is r(11)?
-53
Let w(b) = -7*b**2 + 463*b - 2788. Give w(6).
-262
Let h(b) = 8*b**2 - 1016*b + 2981. Determine h(124).
5
Let d(t) = 358*t - 141527. Determine d(403).
2747
Let y(v) = v**2 - 55*v + 897. What is y(15)?
297
Let h(z) = -110*z - 14505. Calculate h(-132).
15
Let p(a) = -378280*a + 2647963. Calculate p(7).
3
Let r(m) = -1214*m - 428564. Determine r(-353).
-22
Let l(m) = m**3 + 152*m**2 - 1458*m - 1464. What is l(-161)?
-15
Let k(w) = -w**3 - 5*w**2 - 6*w - 9. Determine k(0).
-9
Let b(x) = -80*x**3 + 25*x**2 - 11*x - 3. Calculate b(2).
-565
Let b(s) = -2*s**3 - 508*s**2 + 7*s + 1783. Determine b(-254).
5
Let u(k) = -38516*k + 193920. Calculate u(5).
1340
Let o(v) = -2*v**3 + 2081*v**2 - 243748*v + 30806. What is o(906)?
2
Let y(p) = p**3 - 59*p**2 + 179*p - 3095. Calculate y(57).
610
Let j(g) = -g**3 - 22*g**2 - 210*g - 832. Calculate j(-9).
5
Let h(q) = 5185*q + 66679. What is h(-13)?
-726
Let b(n) =